. Calculate the greatest common divisor of u and 7.
7
Suppose 0 = 4*m - 0*m - 192. Let h(l) = 41*l**2 + 8*l - 1. Let c be h(-1). Calculate the greatest common divisor of c and m.
16
Let v = -183 + 300. Suppose -9 = 3*a, 0*i + i = 2*a + 8. Suppose 5*y - 67 = -i*b, -4*b = -5*y + 1 + 60. Calculate the highest common divisor of y and v.
13
Let f be 264 + 2 + -3 + -2. What is the highest common divisor of 29 and f?
29
Suppose 4*j = -j - 5*f + 40, -2*j + 15 = f. Let v = 15 + j. Calculate the highest common factor of v and 55.
11
Suppose -4*z + 28 = -76. Calculate the greatest common divisor of z and 39.
13
Suppose -2*x + 4 = z - 1, -2*x + 35 = -5*z. Suppose 0 = -0*t - x*t + 225. What is the highest common factor of 5 and t?
5
Suppose 43*g - 38*g = 205. What is the greatest common divisor of 451 and g?
41
Suppose 5*a = 5*g + 4*a - 442, 3*g = -a + 270. Let s = g + 83. Suppose 0 = -5*c + 38 + s. Calculate the highest common divisor of c and 28.
14
Suppose 2*l = 6*l + 8, 3*k - 3*l - 534 = 0. What is the highest common factor of k and 16?
16
Suppose 0 = 2*x + 4*j - 8, -4*x = -2*j - j - 16. Suppose -s + 66 = -2*s. Let t be (-3)/(-6) - s/x. What is the greatest common factor of t and 153?
17
Let d be (16/4)/((-1)/(-2)). Suppose 3 = -3*k, d - 2 = v - k. Suppose -2*w + 8*q = 3*q - 4, -4*w + 8 = v*q. Calculate the highest common factor of 2 and w.
2
Suppose 59 + 1 = 2*l. Calculate the highest common divisor of l and 6.
6
Let s = 62 - -14. Suppose -5*x = 4*y - 46 - 154, 2*x - 5*y - 113 = 0. Let u = 63 - x. What is the greatest common divisor of u and s?
19
Let l = 66 + -21. What is the greatest common divisor of 30 and l?
15
Let q = 21 - 11. Let z be 477/12 + 1/4. Calculate the highest common factor of q and z.
10
Let p = 82 + -68. Let v be (-3)/(7/2 - 2). Let d be (1*v)/(3/(-42)). What is the highest common divisor of p and d?
14
Suppose -2*y = -43 - 29. Let n be 4*1*(2 - -1). Calculate the highest common divisor of y and n.
12
Let q be 0 + 2 + 1 + -4. Let h be (-1 + -1)/(q/20). What is the greatest common factor of 10 and h?
10
Suppose 50 = -0*x + 5*x. Calculate the greatest common factor of x and 25.
5
Let s(i) be the second derivative of -13*i**4/12 - i**3/6 + 3*i**2/2 - 2*i. Let r be s(4). Let x = 335 + r. What is the greatest common factor of 18 and x?
18
Let z(c) = -c + 6. Let q be z(5). Let t(r) = 63*r**2 + 1. Let s be t(q). Let b be (48/(-20))/(6/(-20)). What is the highest common divisor of s and b?
8
Let j(g) = -17*g + 6. Let i be j(-2). Calculate the greatest common divisor of 5 and i.
5
Suppose w + 2*w = -4*v + 44, 4*w = -16. Let m be (4/6)/(1/(-93)). Let u = m - -118. What is the greatest common factor of u and v?
14
Let c = -5 - -10. Let m = c + -2. What is the highest common factor of 12 and m?
3
Suppose m = -10 + 20. What is the greatest common factor of 130 and m?
10
Suppose -4*x + 12*x = 88. What is the highest common divisor of x and 121?
11
Let y(k) = -k + 12. Let p be (1 - 2) + -1 + 11. Let q be y(p). Let f = -2 + 8. What is the highest common factor of q and f?
3
Suppose -z + 1 + 3 = 0. Let r(t) = 5*t - 2. Let v be r(z). Let j be 2/(-3) - 16/(-6). What is the greatest common factor of v and j?
2
Let q(f) = f**3 + 8*f**2 - f + 4. Let p be q(-8). Suppose -3*o + 12 = o. Let r(b) = 5*b - 3. Let k be r(o). Calculate the highest common divisor of p and k.
12
Suppose -26 = -2*u - 5*v, 2*u + v - 10 = 8. Suppose -3*q + 0*q = 4*l - 119, 0 = -l + 5*q + 47. Calculate the highest common factor of l and u.
8
Suppose u - 10 = -0*u. Calculate the highest common divisor of 110 and u.
10
Suppose -4*u = u - 4*i - 24, -2*i + 18 = 5*u. Let c(p) = -p**3 + 6*p**2 - p. Let x be c(u). Calculate the highest common divisor of 42 and x.
14
Let z(x) = -43*x**3 + 2*x**2 + x. Let b be z(-1). Let a be 238/(-22) + (-8)/b. Let p be (-6)/33 + (-695)/a. What is the greatest common divisor of p and 21?
21
Let r = -60 + 35. Let c be 6*(8 + 3 + -3). Let g = r + c. What is the highest common factor of 23 and g?
23
Let k(d) = 79*d + 1. Let t be k(1). Let p(i) = -i**3 + i**2 + 14 + 6 + 3*i**3 - i**3 - i. Let h be p(0). Calculate the greatest common divisor of t and h.
20
Let b(w) = w**2 + 10*w + 4. Let k be b(-10). Suppose 4*v + 2*i = 164, -k*v + 3*i + 187 = 13. Calculate the greatest common divisor of 14 and v.
14
Suppose -2*l + 13 = 1. Let o(u) = u**2 + 12*u + 12. Let z be o(-11). What is the greatest common divisor of z and l?
1
Suppose 12 = -4*s + 7*s. Suppose -4*t - t = x - 494, 0 = s*x - 16. Calculate the greatest common factor of 14 and t.
14
Let u(t) = -20*t - 4. Let n be u(-3). Suppose 0*k = -2*k + 32. Suppose 2*x - k = -0. Calculate the highest common divisor of n and x.
8
Suppose 0 = -2*g + g + 41. Let m be -1*((-3)/1 - 4). Let r = g - m. What is the highest common divisor of r and 85?
17
Let l(z) = 26*z**2 - z + 1. Let w be l(1). Let t be 4/(-6) - (-160)/24. Let f be 42 + t*(-3)/6. What is the highest common factor of w and f?
13
Let l = 10 - 6. Suppose -g + y - 2 = -22, -92 = -l*g + y. What is the greatest common factor of g and 6?
6
Suppose -a - 38 = -5*b, 4*a - 16 = -b - 0*b. What is the highest common divisor of 64 and b?
8
Suppose -2*y + 68 = -42. Let b = -33 + y. Calculate the greatest common divisor of 11 and b.
11
Let l = -74 - -77. What is the greatest common factor of l and 12?
3
Suppose 0 = 3*b - b + 8, -2*c - 3*b - 4 = 0. Suppose 1 = -c*o - 3, -3*p + 323 = o. What is the greatest common factor of 12 and p?
12
Let m(d) = 4*d - 5. Let n be m(6). Suppose -4*r = -n - 53. Suppose -r + 3 = -3*c. What is the highest common divisor of c and 1?
1
Let r(m) = -m - 9. Let a be (-2)/(-4) + 115/(-10). Let s be r(a). Calculate the greatest common divisor of s and 5.
1
Suppose 5*p + 4*q + 1 = 0, 0 = -5*p - 0*q + 5*q + 35. Let f = 7 - p. Calculate the greatest common divisor of 44 and f.
4
Let r be 6/2 + -3 - 3. Let i(n) = -n**3 - n**2 + 2*n - 1. Let q be i(r). What is the greatest common factor of q and 22?
11
Suppose 3*x = -3*m - 0*m, 5*m - 16 = 3*x. Suppose -5*g + 18 = -h, 6*h - m*h + 9 = -g. Suppose -w + 4*w = g. What is the highest common factor of 1 and w?
1
Let k be (-1)/4 - (-450)/40. What is the greatest common divisor of 121 and k?
11
Let r(a) = 13*a + 7. Let p be r(5). Let o = 25 - 17. What is the highest common divisor of o and p?
8
Suppose -i + 2 = -d, 3*d + 3*i + i = 29. Suppose q = -d*q + 24. What is the highest common factor of 30 and q?
6
Suppose -2*p + 382 = 5*j, -j = -4*p - 68 - 4. What is the highest common factor of j and 38?
38
Suppose 32 - 12 = 5*c. Let n(t) = t**3 + 6*t**2 - 2*t - 8. Let a be n(-6). What is the highest common factor of c and a?
4
Let t be 2 - -1 - 0 - -1. What is the highest common divisor of 2 and t?
2
Let a = -63 + 88. What is the greatest common factor of a and 25?
25
Suppose 0 = -5*p - 34 + 94. Let x = 2 + -4. Let q be 37 + 1 + 1*x. Calculate the greatest common divisor of q and p.
12
Suppose 7 = r - 2*f + 3*f, 18 = 2*r - 2*f. Let m(v) = v**3 - 4*v**2 + v - 6. Let t be m(5). Calculate the greatest common factor of t and r.
8
Suppose -6 = -2*n + 5*d - 21, 4*n - d + 3 = 0. Let y(z) = -z + 26. Let b be y(n). What is the greatest common divisor of 13 and b?
13
Let r = -112 - -182. Calculate the greatest common divisor of r and 14.
14
Suppose -3*f - 6 = -u, 5*u - 9 = -3*f + 3. What is the highest common divisor of 21 and u?
3
Let y = 8 - 4. Suppose -y*a - 5*l + 129 = -a, a + 3*l = 47. Calculate the greatest common divisor of a and 95.
19
Let o be ((33 - 3) + -1)/1. Let s = -20 + o. What is the greatest common factor of 1 and s?
1
Let h be (6/4)/(33/44). Let b = 0 + 2. Calculate the highest common factor of b and h.
2
Let c(l) = l**3 + 13*l**2 + 20*l - 15. Let i be c(-11). What is the greatest common divisor of 7 and i?
7
Suppose 3*w - 26 = -y, w - 4*w - 119 = -4*y. Let r = 62 - y. What is the highest common divisor of r and 11?
11
Suppose -3*a + 507 = -5*b, 0 = a - 3*b - 89 - 76. Suppose -a = -4*x - 34. Suppose 3*m = -2*m + x. Calculate the greatest common divisor of 7 and m.
7
Suppose u + 35 = 6*u. What is the highest common factor of u and 1?
1
Suppose 15*x - 20*x + 70 = 0. Calculate the greatest common divisor of 350 and x.
14
Let f be (1/(-1))/(8/(-80)). What is the highest common divisor of 15 and f?
5
Let p(v) = v**3 - 3*